(-6).
22
Let m be 64/(-8) - (0 - 3). Let d(b) = -7*b - 55. Let a be d(-10). Let s(i) = 6 - 9 + 4*i + 10*i - a*i. Calculate s(m).
2
Let g = 3310 - 3302. Let t(l) = 7*l - 45. Calculate t(g).
11
Suppose f = 3*k - 71, -564*k + 566*k = -f + 54. Let i(s) be the first derivative of 1/3*s**3 - k + 4*s + 0*s**2. Determine i(3).
13
Suppose -245 = 13*a - 89. Let y(j) = j**2 + 18*j + 65. Determine y(a).
-7
Let u(v) be the first derivative of -v**2/2 - 8*v + 2091. Let x = -1 + -6. Determine u(x).
-1
Let c(z) = 77 - 2*z - 50 + 13. Give c(12).
16
Let s(b) = -2*b + 8*b - 2*b**2 + 3*b**2. Suppose 5*u + 1209*f - 1208*f = -25, -2*f = -u - 5. Calculate s(u).
-5
Let y(u) = -u**3 - 4*u**2 - 5*u - 4. Let h(c) = c**3 - c**2 + 12. Let f be h(0). Let l = f + -15. Let i be l/(-6)*-3*(3 - 1). Calculate y(i).
2
Let y(t) = -4*t + 2*t**3 - 3*t**3 + 5*t**2 + 2 + 3. Let l(a) = a**3 + 21*a**2 - 22*a + 9. Let v be l(-22). Suppose -50 + 14 = -v*o. What is y(o)?
5
Let n(s) = 2*s**2 + 39*s + 17. Let q be n(-19). Let x(j) = -3*j**2 - 12*j - 15. Calculate x(q).
-3
Let p = 8867 - 8844. Let i(s) = s**3 - 24*s**2 + 23*s - 36. Calculate i(p).
-36
Let y(f) = 2*f - 2. Let z be (12/8 - 1/(-2)) + 2. Let b(u) = -u + 2. Let l(o) = z*b(o) + 3*y(o). Suppose 4*n - 26 = -2*q, -n + 2*n = 3*q + 3. Determine l(n).
14
Let w(d) = d**3 + 7*d**2 + 8*d + 9. Let h be 6*140/(-135) - 5*(-12)/270. Calculate w(h).
-3
Let n(v) be the first derivative of -7*v**5/60 - v**4/12 + v**3/6 - v**2/2 + 7*v + 85. Let u(d) be the second derivative of n(d). Calculate u(1).
-8
Let g(j) = -j. Let f(w) = 5*w + 8. Let m(a) = f(a) + 4*g(a). Suppose 4*x - 30 = 6*x + 4*u, -75 = 5*x + 4*u. Let v be x/3 + 7 - (2 + 0). Determine m(v).
8
Let q(r) = -r - 2. Let d be q(-5). Let l(f) be the third derivative of -f**4/6 - f**3/3 - f**2 - 6*f - 155. What is l(d)?
-14
Let p be (-336)/(-14) + -16 - (0 + -3). Let i(l) = -l**2 + 9*l + 29. What is i(p)?
7
Let r(q) be the third derivative of q**7/840 - q**6/240 - q**5/12 - 17*q**4/24 + 99*q**2. Let i(m) be the third derivative of r(m). Determine i(8).
45
Suppose 1801 = 5*w + 4*x + 1734, x + 5 = 6*w. Let t(k) = -2 - 3*k + 4 + 0. Determine t(w).
-7
Let g be 0*6/12 + 5. Let l(j) = 9*j - 6. Let k(t) = 11*t - 7. Let v(p) = g*l(p) - 4*k(p). Determine v(0).
-2
Let y(g) = -45*g**2 - 56*g + 99. Let p(j) = -32*j**2 - 37*j + 64. Let a(q) = 7*p(q) - 5*y(q). Give a(-24).
25
Let o(h) = -4*h - 3. Let k(c) = -2*c - 2. Let j(i) = -5*k(i) + 3*o(i). Suppose 5*f = -42 + 57. Let a be (-7)/21*-6*f. What is j(a)?
-11
Let j(y) = -3*y - 11. Suppose 4*c - 3*f = -6*f + 17, -f = c - 4. Let o be c/((-5)/7) - 2. Determine j(o).
16
Let h(t) = -2*t**2 + 3*t - 2. Let z(c) = -3*c**2 + 44*c - 29. Let d be z(14). Let m be (3/15)/(d/(-5)). Calculate h(m).
-1
Let q(d) = -d**3 + 34*d**2 + 62*d + 371. Let c be q(36). Let p(m) = m**2 + m. Determine p(c).
132
Let j be -1 + 33 - (7 + -12). Suppose j*i - 39*i - 4 = 0. Let k(u) = 7*u**2 + 3*u. Give k(i).
22
Suppose 0 = 169*f - 165*f + 88. Let o be (-3 - f/7) + 55/7. Suppose y - 2*y = -4*h - 22, 0 = 2*h + o. Let q(r) = r - 13. Give q(y).
-7
Let f(n) be the third derivative of n**6/120 + n**5/6 + 11*n**4/24 + 11*n**3/6 + 43*n**2 - 6. Let b = 26 + -35. Determine f(b).
-7
Let t(p) = -15*p + 3. Let g(w) = -1 - 52*w - 51*w + 108*w. Let n(f) = -17*g(f) - 6*t(f). Give n(1).
4
Let f(n) be the second derivative of -1/3*n**3 + 3 + 3*n - 9*n**2. Calculate f(-8).
-2
Suppose 3*z = 4*p + 3, 48*p = -5*z + 54*p + 7. Let b(m) = -m**2 + 15*m - 12. Calculate b(z).
38
Let z(i) be the second derivative of -i**3/2 + 23*i**2 - 177*i + 4. Determine z(11).
13
Let g(s) = 4*s**2 - 2*s + 4. Let x = 36496 - 36494. Determine g(x).
16
Let s(n) be the second derivative of n**5/20 + 5*n**4/12 - n**3/2 + 5*n**2 - 881*n. What is s(-6)?
-8
Let y be 2/7 - 18*(-2)/21. Suppose 3*q - y*f = -f - 16, q + 20 = 4*f. Let d(b) = -5*b - 6. Give d(q).
14
Let a be 3/((-9)/3) + (7 - 4). Let s(g) = -44*g + 49*g + 7*g**a + g**2 + g**3 - 5. Suppose -5*q = 2*l + 4, -3*l + 3*q - 28 = -1. Give s(l).
9
Let z(j) = -23*j + 8*j + j**3 - 8 + 13*j + 8*j**2 + 8*j. Let o = -517 + 510. What is z(o)?
-1
Suppose 2*m + 3*m - 19 = -n, 0 = -4*n - m + 19. Let j be (2 + (1 - 10/n))*2. Suppose 2*u = -11 - j. Let c(o) = o**2 + 7*o + 1. Calculate c(u).
-5
Suppose 185*h - 126 = 203*h. Let u(g) = g**2 + g - 39. Give u(h).
3
Let d(v) be the first derivative of -v**4/4 - 7*v**3/3 + 7*v**2/2 + v + 5. Let l(z) = 16*z - 56. Let u be l(3). Determine d(u).
9
Let z(n) = 119 - 102*n + 167*n - 74*n. Give z(14).
-7
Let o(v) = -v**3 - 5*v**2 + 3*v - 5. Suppose 3*x = -9, -3*m + x + 0*x = -87. Suppose -4*d - m = 4*b, 3*b - 2 = -5. What is o(d)?
13
Let t(b) = 162*b - 975. Let j be t(6). Let z(g) = 2*g**3 - 3*g**2 - g + 2. Give z(j).
-76
Let m(g) = g**3 - 9*g**2 + 10*g - 12. Let d = 8 + -6. Suppose d*t = -3*t + 30. Suppose -6*x + 54 = t. Calculate m(x).
4
Let c(x) = -20*x - 2087. Let m be c(-104). Let r(k) = k - 4. Let a be r(7). Let v(i) = -9*i**2 - 4*i**a + 3*i**2 + 9*i + 8 + 3*i**3. Calculate v(m).
-6
Let s(n) = -11*n + 117. Let t be s(23). Let f be 35/11 - (t/(-22) + -6). Let d(u) be the first derivative of -u**2 - 4*u + 1. Calculate d(f).
-10
Let r(z) = -z**3 + 7*z**2 + 6*z + 12. Suppose -437*p = -435*p + 5*w - 1, -15 = 5*w. Give r(p).
-4
Let w(x) = -15*x**2 + 51*x**2 - 15*x**2 + x**3 - 13*x**2 - 16*x**2 - 6 + 14*x. Give w(6).
6
Let z(y) be the third derivative of -y**4/6 + 2*y**3/3 - 1841*y**2. Calculate z(-7).
32
Let b(k) be the third derivative of -k**5/20 + 7*k**4/3 - 4*k**3 - 586*k**2 + 2. Give b(18).
12
Let w(u) = -542*u**2 - 2*u + 138*u**2 + 139*u**2 + 11 + 133*u**2 + 131*u**2. Determine w(-5).
-4
Suppose -4*r = -9*r + 85. Let f(i) = 46 - i - r*i**2 - 46. Let o be 1/4 + ((-135)/(-20) - 8). Give f(o).
-16
Let c(s) = -s**3 - 6*s**2 - 6*s. Suppose 20*g = 17*g + 66. Suppose -8*i = 10 + g. Give c(i).
-8
Let j = -421 + 475. Let o be (72/j)/(20/12 - 2). Let f(l) = l**3 + 4*l**2 + 3*l - 5. Determine f(o).
-17
Suppose -422*k + 2885 = 204*k - 49*k. Let u(r) = 0*r**2 + 0 - 2*r**2 - 1 + 6*r. What is u(k)?
-21
Let y(n) = n**2 - 1037*n + 5200. Let j be y(5). Let p(t) be the first derivative of -11/2*t**2 - 8/3*t**3 + 11*t + 1/4*t**4 + j. Give p(9).
-7
Let j = -1674 + 1679. Let a(x) = x. Let b(c) be the second derivative of c**3/6 + c**2/2 - 4*c. Let v(z) = -6*a(z) + 5*b(z). What is v(j)?
0
Let f(h) = h**3 - 5*h**2 - 2*h - 7. Let v(r) = -3*r**2 - 2*r + 6. Suppose 15 = -c - 5*g, -g - 6 + 3 = 5*c. Let j be v(c). Calculate f(j).
17
Let q(c) = c**2 - 3. Let a be q(0). Let r(s) = -30*s + 618. Let l(x) = -3*x + 61. Let z(h) = 81*l(h) - 8*r(h). Calculate z(a).
6
Suppose 127*j + 122 = 5*j. Let x(s) = -5*s**2 - 1 + 3*s**2 + 5*s**3 + 6*s**2 - 2*s**2. Give x(j).
-4
Let f = 5712 - 5708. Let g(v) = -3*v**2 + 2*v - 4. Calculate g(f).
-44
Suppose -6*n + 148*n - 846 = 858. Let f(b) = b**2 - 11*b + 33. Give f(n).
45
Suppose -277*w = -2*f - 282*w - 44, -w = f + 13. Let v(d) = 6*d - 19. What is v(f)?
-61
Let u(i) be the first derivative of i**5/40 + 7*i**4/24 + 76*i**3/3 + 76. Let w(a) be the third derivative of u(a). Determine w(-6).
-11
Let u(c) = -2*c - 1. Let y be (-4)/(-14) + 597/(-7). Let p = -131 + 213. Let a = p + y. Give u(a).
5
Let m(v) = v**2 + v - 1. Suppose 7*h = -4*h. Let c = 34 + -24. Suppose 5*j - 20 = h, 0 = -f + 2*j - 5*j + c. Give m(f).
1
Let y(u) = 175*u - 28 - u**2 - 179*u + 2*u**2 - 65. Give y(-6).
-33
Let c(j) = -j**2 - 3*j - 4. Let t(q) = q**3 - 6*q**2. Let p be t(6). Let m = p - -2. Suppose 0 = -m*i + 8, -2*w - i - 5 = w. Determine c(w).
-4
Let c(r) = -4*r**3 + 2*r**2 - 4*r - 16. Let a be c(2). Let u(k) = -k**2 - 50*k - 93. Calculate u(a).
3
Suppose -27 = 3*a + 3*v, -2*a + 4*v - 19 = 5. Let g = a - -12. Let c(d) = 4 - 4 - g*d + 3*d. Determine c(7).
7
Let d(p) = -p**3 - p**2 - 6*p - 10. Let h be d(-8). Let u(z) = 485 - 969 + h + z**3. Calculate u(3).
29
Let t(i) be the third derivative of -i**5/60 + 17*i**4/12 - 167*i**3/6 - 15*i**2 - 16*i. Calculate t(26).
41
Let p(f) = -f + 79. Let c be ((-153)/306)/((-2)/68). Determine p(c).
62
Let r(i) = -29 - i**2 - 13*i + 20 + 2*i. Let o(k) = k**3 - 10*k**2 + 13*k + 2. Let s be o(9). Let c = -48 + s. Give r(c).
1
Let v be -26758*1/(-5)*10/4. Let m(l) = -5*l + 2*l - 13384 - l**2 + v. What is m(-3)?
-5
Let r = 15 + -23. Let t = 1156 + -